actors of 130371961.
1439, 90599
List the prime factors of 2189732617.
17, 2843, 45307
What are the prime factors of 86100702?
2, 3, 31, 37, 12511
What are the prime factors of 79498744?
2, 13, 29, 43, 613
What are the prime factors of 57024676?
2, 14256169
What are the prime factors of 1253905199?
1253905199
What are the prime factors of 2453553451?
23, 106676237
What are the prime factors of 220207829?
211, 1043639
List the prime factors of 188534385.
3, 5, 13, 35809
List the prime factors of 680472912.
2, 3, 7, 2025217
List the prime factors of 176486012.
2, 257, 171679
List the prime factors of 1518401897.
1518401897
What are the prime factors of 162134439?
3, 67, 806639
What are the prime factors of 61058374?
2, 13, 199, 11801
List the prime factors of 397986906.
2, 3, 66331151
What are the prime factors of 174022665?
3, 5, 11601511
What are the prime factors of 48741230?
2, 5, 4874123
List the prime factors of 39415924.
2, 41, 240341
What are the prime factors of 6075601?
7, 867943
What are the prime factors of 92119707?
3, 67, 50923
What are the prime factors of 24779721?
3, 8259907
What are the prime factors of 67250570?
2, 5, 107, 62851
What are the prime factors of 1559161491?
3, 71, 311, 23537
List the prime factors of 891586849.
97, 103, 233, 383
What are the prime factors of 3573605682?
2, 3, 66177883
What are the prime factors of 1577080002?
2, 3, 79, 3327173
What are the prime factors of 1093294597?
6659, 164183
What are the prime factors of 5142522672?
2, 3, 7, 19, 29, 47, 197
What are the prime factors of 20392254?
2, 3, 37, 67, 457
What are the prime factors of 167977705?
5, 7, 1093, 4391
List the prime factors of 1086446314.
2, 29, 149, 125717
List the prime factors of 1023232548.
2, 3, 13, 233, 28151
List the prime factors of 1551460843.
673, 2305291
What are the prime factors of 3820657545?
3, 5, 263, 107609
What are the prime factors of 955256655?
3, 5, 63683777
List the prime factors of 40815825.
3, 5, 389, 1399
What are the prime factors of 234693158?
2, 7, 107, 156671
List the prime factors of 18386386.
2, 9193193
List the prime factors of 10489025.
5, 419561
List the prime factors of 85147281.
3, 137, 7673
List the prime factors of 1645010292.
2, 3, 137084191
List the prime factors of 93457630.
2, 5, 7, 67, 19927
List the prime factors of 506913289.
137, 3700097
List the prime factors of 962828484.
2, 3, 23, 499, 6991
What are the prime factors of 3231718?
2, 7, 359, 643
What are the prime factors of 15174518?
2, 7587259
What are the prime factors of 272901478?
2, 43, 3173273
List the prime factors of 559407278.
2, 279703639
What are the prime factors of 2858622678?
2, 3, 17645819
List the prime factors of 300658605.
3, 5, 13, 118603
What are the prime factors of 14229478?
2, 2551, 2789
What are the prime factors of 95251696?
2, 139, 42829
What are the prime factors of 99818177?
47, 2123791
What are the prime factors of 3611565253?
67, 211, 255469
List the prime factors of 61009115.
5, 37, 329779
List the prime factors of 1175766761.
13, 4657, 19421
List the prime factors of 260826167.
7, 19, 281, 997
List the prime factors of 12807489.
3, 211, 20233
List the prime factors of 967491919.
967491919
What are the prime factors of 3647773504?
2, 17, 23, 145771
List the prime factors of 1678259257.
53, 3449, 9181
List the prime factors of 2269377722.
2, 8699, 130439
List the prime factors of 4438356846.
2, 3, 7, 11, 41, 53, 4421
List the prime factors of 1300386914.
2, 41, 15858377
What are the prime factors of 761899356?
2, 3, 317, 66763
List the prime factors of 4631992556.
2, 37, 31297247
What are the prime factors of 88553145?
3, 5, 5903543
List the prime factors of 740153308.
2, 185038327
List the prime factors of 24463140.
2, 3, 5, 13, 79, 397
List the prime factors of 525004336.
2, 17, 113539
List the prime factors of 2140848753.
3, 359, 1987789
What are the prime factors of 242617379?
242617379
List the prime factors of 121147555.
5, 23, 43, 24499
What are the prime factors of 276202147?
13, 23, 241, 3833
What are the prime factors of 5667958?
2, 233, 12163
List the prime factors of 4452576018.
2, 3, 11, 67463273
List the prime factors of 13699048.
2, 11, 155671
List the prime factors of 271917602.
2, 11, 107, 115513
List the prime factors of 12022432.
2, 157, 2393
What are the prime factors of 277472313?
3, 30830257
What are the prime factors of 199226008?
2, 59, 422089
What are the prime factors of 11121055?
5, 11, 202201
List the prime factors of 1002025725.
3, 5, 197, 67819
List the prime factors of 65267873.
11, 197, 30119
List the prime factors of 913343145.
3, 5, 11, 13, 425801
What are the prime factors of 661270283?
673, 982571
List the prime factors of 55619816.
2, 7, 993211
What are the prime factors of 366501652?
2, 11, 29, 349, 823
What are the prime factors of 506008770?
2, 3, 5, 16866959
What are the prime factors of 1250719280?
2, 5, 15633991
List the prime factors of 67275076.
2, 11, 1528979
What are the prime factors of 15454752?
2, 3, 19, 37, 229
List the prime factors of 136016107.
37, 3676111
List the prime factors of 554760358.
2, 193, 1437203
What are the prime factors of 291564192?
2, 3, 23, 132049
What are the prime factors of 40296675?
3, 5, 733
List the prime factors of 248808614.
2, 124404307
List the prime factors of 1024110829.
7, 20900221
What are the prime factors of 34768113?
3, 1021, 11351
List the prime factors of 188004898.
2, 23, 1021, 4003
What are the prime factors of 62228798?
2, 97, 320767
List the prime factors of 417404089.
417404089
List the prime factors of 54739587.
3, 7, 223, 11689
List the prime factors of 173853202.
2, 29, 41, 2521
What are the prime factors of 861490911?
3, 127, 2261131
List the prime factors of 196156843.
797, 246119
List the prime factors of 66693370.
2, 5, 6669337
What are the prime factors of 6066468590?
2, 5, 7, 13, 6666449
List the prime factors of 1287497331.
3, 143055259
What are the prime factors of 316435406?
2, 7, 89, 229, 1109
What are the prime factors of 2276894488?
2, 11, 19, 59, 23081
What are the prime factors of 40540280?
2, 5, 11, 199, 463
List the prime factors of 320142636.
2, 3, 11, 808441
What are the prime factors of 240107451?
3, 80035817
List the prime factors of 19528345.
5, 3905669
List the prime factors of 328014570.
2, 3, 5, 13, 841063
List the prime factors of 191184869.
2647, 72227
What are the prime factors of 131090676?
2, 3, 10924223
What are the prime factors of 1233178812?
2, 3, 19, 41, 43973
List the prime factors of 14279524.
2, 7, 17, 131, 229
What are the prime factors of 825342169?
113, 7303913
What are the prime factors of 217576907?
217576907
What are the prime factors of 28738481?
97, 296273
List the prime factors of 4702383560.
2, 5, 7, 1913, 8779
What are the prime factors of 642963577?
311, 2067407
What are the prime factors of 1043278185?
3, 5, 17, 31, 271, 487
What are the prime factors of 209404120?
2, 5, 823, 6361
What are the prime factors of 19205930?
2, 5, 1920593
List the prime factors of 69917574.
2, 3, 11652929
List the prime factors of 2187288506.
2, 13, 84126481
What are the prime factors of 1448715414?
2, 3, 5849, 41281
What are the prime factors of 251286222?
2, 3, 11, 137, 27791
What are the prime factors of 1143705807?
3, 503, 252641
What are the prime factors of 317519721?
3, 229, 154061
List the prime factors of 57316813.
57316813
What are the prime factors of 72402910?
2, 5, 7240291
List the prime factors of 85180534.
2, 19, 41, 54673
List the prime factors of 1204739401.
1204739401
What are the prime factors of 1247200185?
3, 5, 7, 11, 19, 23, 353
What are the prime factors of 413609242?
2, 206804621
List the prime factors of 920201340.
2, 3, 5, 15336689
List the prime factors of 1425836844.
2, 3, 4400731
What are the prime factors of 166924653?
3, 7, 41, 193873
List the prime factors of 12687832.
2, 59, 26881
What are the prime factors of 200648235?
3, 5, 13376549
List the prime factors of 84259210.
2, 5, 7, 29, 41507
What are the prime factors of 89445001?
151, 592351
What are the prime factors of 4026241995?
3, 5, 268416133
List the prime factors of 370034386.
2, 19, 283, 1811
List the prime factors of 1790790782.
2, 11, 709, 114809
List the prime factors of 148777652.
2, 206